{"id":18,"date":"2019-02-26T16:22:36","date_gmt":"2019-02-26T19:22:36","guid":{"rendered":"http:\/\/200.129.139.157\/?page_id=18"},"modified":"2019-03-22T12:38:07","modified_gmt":"2019-03-22T15:38:07","slug":"instituicoes-conectadas","status":"publish","type":"page","link":"https:\/\/www.pop-ro.rnp.br\/?page_id=18","title":{"rendered":"Rede Ip\u00ea"},"content":{"rendered":"\n<div class=\"wp-block-image\"><figure class=\"aligncenter\"><img decoding=\"async\" src=\"https:\/\/www.rnp.br\/sites\/default\/files\/media\/bkb_ipe_site_outubro_2018.png\" alt=\"Rede Ip\u00c3\u00aa outubro 2018\"\/><\/figure><\/div>\n\n\n\n<p>Operada pela RNP, a rede Ip\u00ea \u00e9 uma infraestrutura de rede Internet dedicada \u00e0 comunidade brasileira de ensino superior e pesquisa, que interconecta universidades e seus hospitais, institutos de pesquisa e institui\u00e7\u00f5es culturais.<\/p>\n\n\n\n<p>Inaugurada em 2005, como evolu\u00e7\u00e3o da rede inicialmente implantada em 1992, foi a primeira rede \u00f3ptica nacional acad\u00eamica a entrar em opera\u00e7\u00e3o na Am\u00e9rica Latina. Seu backbone \u00e9 projetado para garantir n\u00e3o s\u00f3 a velocidade necess\u00e1ria ao tr\u00e1fego de internet de aplica\u00e7\u00f5es b\u00e1sicas (navega\u00e7\u00e3o web, correio eletr\u00f4nico e transfer\u00eancia de arquivos), mas tamb\u00e9m ao tr\u00e1fego de servi\u00e7os, aplica\u00e7\u00f5es avan\u00e7adas e projetos cient\u00edficos, e \u00e0 experimenta\u00e7\u00e3o de novas tecnologias, servi\u00e7os e aplica\u00e7\u00f5es.<\/p>\n\n\n\n<p>A infraestrutura da rede Ip\u00ea engloba 27&nbsp;<a href=\"https:\/\/www.rnp.br\/institucional\/pontos-presenca\">Pontos de Presen\u00e7a (PoPs)<\/a>, um em cada unidade da federa\u00e7\u00e3o, al\u00e9m de ramifica\u00e7\u00f5es para atender&nbsp;<strong>1522<\/strong>&nbsp;campi e unidades de institui\u00e7\u00f5es de ensino, pesquisa e sa\u00fade em todo o pa\u00eds, beneficiando mais de&nbsp;<strong>3,5 milh\u00f5es de usu\u00e1rios.<\/strong><\/p>\n\n\n\n<p><strong>CLIENTES DO POP-RO<\/strong><\/p>\n\n\n\n<ul><li>IFRO Campus Cacoal &#8211; <a href=\"https:\/\/portal.ifro.edu.br\/cacoal\">https:\/\/portal.ifro.edu.br\/cacoal<\/a><\/li><\/ul>\n\n\n\n<p><\/p>\n\n\n\n<p><\/p>\n\n\n\n<ul><li> IFRO Campus Ji-Paran\u00e1 &#8211; <a href=\"https:\/\/portal.ifro.edu.br\/ji-parana\">https:\/\/portal.ifro.edu.br\/ji-parana<\/a><\/li><\/ul>\n\n\n\n<p><\/p>\n\n\n\n<p><\/p>\n\n\n\n<ul><li> IFRO Campus Vilhena &#8211; <a href=\"https:\/\/portal.ifro.edu.br\/vilhena\">https:\/\/portal.ifro.edu.br\/vilhena<\/a><\/li><\/ul>\n\n\n\n<p><\/p>\n\n\n\n<p><\/p>\n\n\n\n<ul><li>UNIR Campus Ariquemes &#8211; <a href=\"http:\/\/www.ariquemes.unir.br\/\">http:\/\/www.ariquemes.unir.br\/<\/a><\/li><\/ul>\n\n\n\n<p><\/p>\n\n\n\n<p><\/p>\n\n\n\n<ul><li>UNIR Campus Cacoal &#8211; <a href=\"http:\/\/www.campuscacoal.unir.br\/\">http:\/\/www.campuscacoal.unir.br\/<\/a><\/li><\/ul>\n\n\n\n<p><\/p>\n\n\n\n<p><\/p>\n\n\n\n<ul><li>UNIR Campus Guajar\u00e1-Mirim &#8211; <a rel=\"noreferrer noopener\" aria-label=\"http:\/\/www.guajaramirim.unir.br\/ (abre numa nova aba)\" href=\"http:\/\/www.guajaramirim.unir.br\/\" target=\"_blank\">http:\/\/www.guajaramirim.unir.br\/<\/a><\/li><\/ul>\n\n\n\n<p><\/p>\n\n\n\n<p><\/p>\n\n\n\n<ul><li>UNIR Campus Ji-Paran\u00e1 &#8211; <a href=\"http:\/\/www.jiparana.unir.br\/\">http:\/\/www.jiparana.unir.br\/<\/a><\/li><\/ul>\n\n\n\n<p><\/p>\n\n\n\n<p><\/p>\n\n\n\n<ul><li>UNIR Campus Porto Velho &#8211; <a href=\"https:\/\/www.unir.br\/\">https:\/\/www.unir.br\/<\/a><\/li><\/ul>\n\n\n\n<p><\/p>\n\n\n\n<p><\/p>\n\n\n\n<ul><li>UNIR Campus Rolim de Moura &#8211; <a href=\"http:\/\/www.rolimdemoura.unir.br\/\">http:\/\/www.rolimdemoura.unir.br\/<\/a><\/li><\/ul>\n\n\n\n<p><\/p>\n\n\n\n<p><\/p>\n\n\n\n<ul><li>UNIR Campus Vilhena &#8211; <a href=\"http:\/\/www.vilhena.unir.br\/\">http:\/\/www.vilhena.unir.br\/<\/a><\/li><\/ul>\n\n\n\n<p><\/p>\n","protected":false},"excerpt":{"rendered":"<p>Operada pela RNP, a rede Ip\u00ea \u00e9 uma infraestrutura de rede Internet dedicada \u00e0 comunidade brasileira de ensino superior e pesquisa, que interconecta universidades e seus hospitais, institutos de pesquisa e institui\u00e7\u00f5es culturais. Inaugurada em 2005, como evolu\u00e7\u00e3o da rede inicialmente implantada em 1992, foi a primeira rede \u00f3ptica nacional acad\u00eamica a entrar em opera\u00e7\u00e3o<a href=\"https:\/\/www.pop-ro.rnp.br\/?page_id=18\">[&#8230;]<\/a><\/p>\n","protected":false},"author":1,"featured_media":0,"parent":0,"menu_order":4,"comment_status":"closed","ping_status":"closed","template":"","meta":{"footnotes":""},"_links":{"self":[{"href":"https:\/\/www.pop-ro.rnp.br\/index.php?rest_route=\/wp\/v2\/pages\/18"}],"collection":[{"href":"https:\/\/www.pop-ro.rnp.br\/index.php?rest_route=\/wp\/v2\/pages"}],"about":[{"href":"https:\/\/www.pop-ro.rnp.br\/index.php?rest_route=\/wp\/v2\/types\/page"}],"author":[{"embeddable":true,"href":"https:\/\/www.pop-ro.rnp.br\/index.php?rest_route=\/wp\/v2\/users\/1"}],"replies":[{"embeddable":true,"href":"https:\/\/www.pop-ro.rnp.br\/index.php?rest_route=%2Fwp%2Fv2%2Fcomments&post=18"}],"version-history":[{"count":21,"href":"https:\/\/www.pop-ro.rnp.br\/index.php?rest_route=\/wp\/v2\/pages\/18\/revisions"}],"predecessor-version":[{"id":281,"href":"https:\/\/www.pop-ro.rnp.br\/index.php?rest_route=\/wp\/v2\/pages\/18\/revisions\/281"}],"wp:attachment":[{"href":"https:\/\/www.pop-ro.rnp.br\/index.php?rest_route=%2Fwp%2Fv2%2Fmedia&parent=18"}],"curies":[{"name":"wp","href":"https:\/\/api.w.org\/{rel}","templated":true}]}}